*t. What is the greatest common divisor of l and 5?
5
Let o = -42 - -76. Let v(d) be the second derivative of -d**4/12 + 7*d**3/6 + 7*d**2/2 - 2*d. Let a be v(5). What is the highest common divisor of o and a?
17
Let z(h) = -h + 2. Let r be z(4). Let a be (-72)/(-7) + r/7. Let w be (a/4)/((-4)/(-8)). What is the greatest common factor of 20 and w?
5
Let h(y) = y**3 + 3*y**2 + 4. Let s be h(-3). Suppose -s*p + 21 = -127. Suppose 5*o = 167 - p. Calculate the greatest common divisor of o and 13.
13
Let u(h) = h**3 + 18*h**2 - 21*h - 10. Let k be u(-19). What is the highest common factor of 252 and k?
28
Suppose 3*s + 6 = m - 1, 0 = -4*s - m - 7. Let i be 2/s*-1*18. Let c = 73 - i. What is the greatest common factor of c and 22?
11
Let u(q) = -3*q**2 + 3*q**2 + 7*q + q**2 + 8. Let d be u(-7). Calculate the highest common divisor of d and 16.
8
Let m = 7 + -9. Let v = -1 - m. Let u be 5/(15/6)*1. Calculate the greatest common divisor of v and u.
1
Let i = -12 - -19. Suppose 5*h - 33 = i. Let u(c) = c**3 - 8*c**2 + 3*c - 8. Let t be u(h). Calculate the greatest common factor of t and 80.
16
Suppose 6 + 44 = 5*r. Let b(x) = x**2 - 9*x + 6. Let q be b(r). What is the highest common factor of q and 144?
16
Let b(x) = -2*x**2 + 2*x - 4. Let p(k) = -3*k**2 + 3*k - 8. Let c(h) = -5*b(h) + 3*p(h). Let t be c(-6). Calculate the highest common divisor of 57 and t.
19
Let b be (-4)/((-8)/(-6)) + 9. Let l(j) = j**3 - 6*j**2 + 3*j - 6. Let i be l(b). Calculate the greatest common divisor of 12 and i.
12
Let v(j) = j**2 + j - 1. Let s(i) = 14*i**2 + 1. Let o(x) = s(x) - v(x). Let a be o(-2). Calculate the greatest common factor of 8 and a.
8
Suppose -x + 7 = 3*b - 2*x, 0 = 4*b - x - 9. Let a be ((-1)/b)/(3/(-12)). Suppose 2*y - 20 = 8. Calculate the greatest common factor of a and y.
2
Suppose -l + i + 22 = -0*i, 0 = 4*l - 2*i - 78. What is the greatest common factor of l and 51?
17
Let a(q) = -q**3 + 3*q**2 + 3*q + 6. Let y be a(4). What is the highest common divisor of y and 5?
1
Let g be 297/36*(-1 - -25). Calculate the greatest common divisor of 22 and g.
22
Suppose 0 = 3*u - 12, 2*c = -3*c - 2*u + 48. Calculate the highest common divisor of c and 56.
8
Let q = -21 - -29. Suppose f - 30 = -9. Suppose 3*a - 4*g - f = 15, 5*a = 4*g + 60. Calculate the greatest common divisor of q and a.
4
Let r be (912/(-36))/(4/6 - 1). What is the highest common factor of r and 4?
4
Let q(y) = -y + 5. Let i be q(5). Suppose i*d - d = -13. Calculate the highest common divisor of 104 and d.
13
Let d be 920/(-16)*(-36)/10. What is the greatest common factor of d and 23?
23
Let w(c) = -c - 6 + 6. Let v be w(-10). What is the highest common factor of 30 and v?
10
Suppose -4*k + 2*k + 12 = 0. Let b(j) = -j + 2. Let q = -12 - -12. Let x be b(q). What is the greatest common divisor of k and x?
2
Let g be 21/(1*(0 - -1)). Let w be (-6)/(-21) + (-3595)/(-35). Suppose 5*i + 4*s - 67 - 42 = 0, -2*s = -5*i + w. Calculate the highest common factor of i and g.
21
Let r = 35 + -20. Let d be 2/((-4)/r)*-24. Calculate the highest common divisor of d and 20.
20
Let r(b) = b**2 - b + 14. Let d be r(0). Let w be d - (0 + 6/(-3)). Calculate the greatest common divisor of 2 and w.
2
Let y = -95 - -104. What is the greatest common factor of 9 and y?
9
Suppose 0 = -5*h - 0 + 10. Suppose -h*f + k = f - 170, 5*f - k - 280 = 0. Calculate the highest common divisor of 22 and f.
11
Suppose 0 = q - 3 - 9. Suppose 3*y - 177 - 228 = 3*z, z = -2*y + 261. Calculate the highest common factor of q and y.
12
Suppose 3*i + 24 = 6*i. What is the highest common factor of i and 64?
8
Suppose 3 = -3*b - 15. Let f be -2 - -12*4/b. Let l(p) = p**2 + 8*p - 11. Let w be l(f). What is the highest common factor of w and 36?
9
Suppose -l = 4*m - 13, 3*m - 7*m = -4. What is the highest common divisor of l and 3?
3
Let g = 3 - -1. Let h(b) = -b - 2. Let d be h(-6). Suppose -4*v + 74 = 2*y - d*y, -20 = g*y. What is the greatest common factor of v and 32?
16
Suppose 4*f - 136 = -2*v + v, -v = 3*f - 102. What is the greatest common divisor of 17 and f?
17
Suppose 5*b - 2*i - 154 = -6*i, -4*b + 2*i = -118. Suppose -309 = -4*l + 2*j + j, -l - 4*j + 63 = 0. What is the greatest common factor of l and b?
15
Suppose 0 = 2*d - d + 2. Let l(m) = -4 - 4*m + 5 + 1. Let y be l(d). Calculate the greatest common factor of y and 5.
5
Suppose 4*d - 5*j = -1 + 22, d + 4*j = 0. Suppose k = d*k + 3. Let c be (k - -2) + (59 - 0). What is the greatest common factor of 24 and c?
12
Suppose -20 = -4*r + 2*r - 5*b, -18 = -2*r - 4*b. Suppose 3 = -l + r*u + 6, -5*l = -5*u - 35. Let p = 22 - l. What is the greatest common divisor of 98 and p?
14
Let g(y) = 8*y**3 - 5*y**2 + y + 2. Let z be g(3). Suppose 3*b + z = 4*b. Calculate the greatest common factor of b and 16.
16
Let r be ((-8)/(-6))/((-8)/(-36)). Let h(y) = -y**2 + 9*y - 3. Let s be h(r). Let q = 7 + -4. What is the highest common divisor of s and q?
3
Suppose 4*u = -3*t + 28, 3*t + 2*u - 24 = -t. Suppose -51 = t*j - 251. What is the greatest common divisor of 10 and j?
10
Let y(u) = -u**3 - 20*u**2 - 37*u - 13. Let k be y(-18). Calculate the highest common divisor of 145 and k.
5
Let n(l) = 2*l**2 - 3 - l**2 - l + 2 + 8*l**3 - 23*l**3. Let p be n(-1). Calculate the greatest common factor of 8 and p.
8
Let x(o) = -2*o - 4. Let w be x(-13). Suppose -c - 2 = -4. What is the highest common factor of c and w?
2
Let g be (2*1)/(-6 - (-6 - 1)). What is the greatest common divisor of g and 22?
2
Let k = -1 - -15. Calculate the greatest common factor of k and 14.
14
Let q be (4 - 39)*(0 - 1). Let b(h) = h + 1. Let a be b(-1). Suppose a = -v + 53 + q. What is the greatest common divisor of v and 8?
8
Suppose 0 = -3*i + 22 + 2. Let o = -9 + 25. What is the greatest common divisor of i and o?
8
Suppose -g + 4*g = 45. What is the highest common factor of g and 45?
15
Let v be (13*(0 + -2))/(38/(-190)). Calculate the greatest common divisor of v and 52.
26
Suppose 4*h + 7 = 55. Let i be -11*(-4)/12*-3. Let c = i + 15. Calculate the highest common factor of h and c.
4
Suppose 3*z - 2 - 31 = -4*j, -3*j + 4*z = -56. What is the highest common divisor of j and 84?
12
Suppose -4*s - 3*z = -122, z + 0*z = -3*s + 89. Let f = s + -8. What is the greatest common divisor of f and 7?
7
Let z be 8/(200/(-15)) - (-108)/5. What is the highest common divisor of 14 and z?
7
Let b(q) = -9*q**2 + 5*q - 2. Let y be b(3). Let x = 24 + y. Let a be (-184)/x - (-4)/(-22). What is the highest common divisor of a and 28?
4
Let w = 106 - 75. What is the greatest common divisor of w and 124?
31
Let v = -13 + 25. Suppose -4*j + v = 4*o, -4*o - 3*j + 15 = -2*j. Calculate the highest common divisor of o and 28.
4
Suppose 0 = -3*b + 14 + 22. Calculate the highest common factor of 96 and b.
12
Suppose -2*r - 2*h = -0*h + 6, -r = -h - 5. Let z be r*-4*3/2. Let x be z/(-4) + (-50)/(-4). Calculate the highest common factor of 35 and x.
7
Let w be (24/16)/((-1)/(-6)) + -4. What is the highest common factor of w and 2?
1
Suppose -3*w + 124 = 4*r, -2*w + 2*r = -w - 38. Let j be (-3)/(-9) + (-2 - 740/(-12)). What is the highest common factor of j and w?
20
Suppose -3*v = v - 60. Suppose -5*u + 25 + v = 0. Calculate the highest common factor of u and 12.
4
Let y be (183/9)/(1/(-3)). Let q = y - -111. What is the highest common divisor of q and 5?
5
Let z be 1/3 + (-321)/(-9). Calculate the greatest common divisor of z and 90.
18
Suppose 0 = 4*h + h - 50. Let q = 14 + -9. Let z be 2/q - (-248)/5. What is the greatest common divisor of z and h?
10
Let r = -136 + 461. Suppose -4*k + r + 195 = 0. Calculate the greatest common factor of 13 and k.
13
Let x(p) = -2*p + 2. Let v be x(-4). Let c be (1/(-2))/((-1)/20). Calculate the greatest common factor of v and c.
10
Suppose 2*s - 3*i + 28 = -i, -28 = 2*s + 2*i. Let t be (-35)/s*2/5. Calculate the greatest common factor of t and 1.
1
Let g = -72 - -92. Calculate the greatest common factor of g and 170.
10
Let r(p) = 5*p + 10. Let j = 20 - 13. Let l be r(j). What is the highest common divisor of l and 18?
9
Suppose -4*h + 2*h = 5*f + 29, 2*h + 4*f + 24 = 0. Let i be (5 + h)*(-20)/(-3). What is the highest common factor of i and 8?
4
Let f be (6 - 3)*(-15)/(-3). Calculate the highest common divisor of 